 179. Is f(-6) composite?
True
Suppose 5*v - 4*b = -14 - 3, 11 = v + 4*b. Let r be 2*v + (-2)/(-1). Suppose r*h = 3*h - 807. Is h a prime number?
True
Let k(j) = -j**3 + 19*j**2 - 20*j + 38. Let t be k(18). Is t/(-3)*3 + 1261/1 prime?
True
Suppose -306 = -2*n + 7*w - 2*w, 2*n - w = 298. Let j be -2*n/16*-12. Suppose -j - 443 = -5*a. Is a composite?
True
Let z = 15 - 13. Suppose -6 = -2*i - z. Is i a prime number?
True
Suppose -3*p - 9478 = 4*p. Is (p/4)/((-10)/100) prime?
False
Suppose n - 91 + 347 = 2*o, 2*o - 2*n - 258 = 0. Is o a composite number?
False
Let d(z) = z**2 + 14*z + 5. Let p be d(-14). Let r = -471 + 801. Suppose 135 - r = -p*a. Is a composite?
True
Suppose -i = -3*i + 1506. Let k = 5 - 5. Suppose 3*p + k*p - i = 0. Is p a prime number?
True
Suppose 3*g + 18 = g. Let j(x) = x**2 + 10*x + 6. Let u be j(g). Is 1 + u - (-258)/2 prime?
True
Let g(t) = -4*t + 2. Let c be g(-3). Suppose -c*s + 25 = -9*s. Suppose -13 = i - s*v, -2*v + 23 = i + 2*v. Is i a prime number?
True
Let m(u) = -11*u**3 + u**2 + 8*u - 2. Is m(-6) a prime number?
False
Suppose 10*p - 14*p = 0. Let z be (3 - 59) + -2 + p. Let j = 33 - z. Is j composite?
True
Is 42136/3 - 445/(-267) a prime number?
False
Is ((-6)/4)/(-6*(-9)/(-314172)) prime?
False
Is (76904/(-16))/(2/(-4)) prime?
True
Let o = 33 + -18. Let q = 17 - o. Is (78/9)/(q/3) a prime number?
True
Let r(j) = -j**3 - 16*j**2 + 40*j - 25. Is r(-19) a prime number?
False
Suppose 3*q + 3*o = -414, 2*q - 8*o = -3*o - 297. Suppose 5*a + 1212 = a - 4*z, z + 1209 = -4*a. Let g = q - a. Is g composite?
True
Let c = -4837 + 8250. Is c composite?
False
Let s(t) = 2*t - 6. Let o be s(-13). Let g = o + 63. Is g composite?
False
Let x = 62622 - 42485. Is x composite?
True
Let d = -20 - -4. Is ((-93)/6)/(8/d) composite?
False
Let t(z) = -z**3 - 8*z**2 - 1. Let b be t(-8). Is (-3 + b - 9)/((-1)/13) a composite number?
True
Let n(a) = a**3 - 15*a**2 - 15*a - 46. Let t(j) = -j**2 - 17*j - 9. Let l be t(-15). Is n(l) prime?
False
Is (-72234)/(-8) - 1/(-8 + 12) composite?
False
Suppose 0 = 27*q + 14*q - 588391. Is q a prime number?
False
Suppose 5*t - 19 = 2*y + 59, -2*t - 5*y = -37. Is 2323/11 + t/(-88) prime?
True
Let n(s) = -4 + 4*s**2 - 3 + 27*s**2 + 18*s**2 - 7*s. Is n(-5) composite?
True
Let m = 24 + -20. Suppose -2*a + 420 = 3*c, -2*c - a = -m*a - 280. Let w = 71 + c. Is w prime?
True
Let o be (2330/(-3))/(-1) - 1/(-3). Is -2 + o + -4 + -4 a prime number?
False
Suppose -35*o - 4679 = -15424. Is o a composite number?
False
Let v be (-5)/(-10)*-2 - -2683. Suppose -6*t + v = -0*t. Is t a composite number?
True
Let p(v) be the third derivative of v**6/120 - v**5/4 + 11*v**4/24 + 5*v**3/3 - 5*v**2. Let s be p(13). Let q = s + 282. Is q composite?
False
Let h(k) = k**2 + 4*k - 1. Let z be -5 + 0*4/(-16). Let o be h(z). Suppose -140 - 136 = -o*s. Is s composite?
True
Let s = 2232 + -103. Is s prime?
True
Suppose -2*q + 5 = 3. Let b(l) = -135*l - 1. Let v be b(1). Is q*(v + 2)/(-2) a prime number?
True
Let t(w) = 18*w - 13. Let m = 34 + -21. Is t(m) a prime number?
False
Let d = -9 + 17. Let h be (-436)/(-16) - 2/d. Let t = h - 14. Is t a prime number?
True
Suppose -11506 + 181661 = 5*p. Is p a prime number?
True
Let u(o) = 105*o - 53. Is u(20) composite?
True
Suppose -2*w + w = -4*t + 2767, -2*t + 1376 = 2*w. Is t composite?
False
Suppose -a = 3*g - 3, 2*a + 0*g - 6 = -3*g. Suppose 0 = -5*r + t + 19, a*r + 3*t + t = 16. Is ((-12)/(-18))/(r/1902) a composite number?
False
Suppose -4*d - 4*b = -15 + 3, d + 3*b = 9. Let y be -3 + d + (13 - -4). Suppose -i + y = -207. Is i prime?
False
Let d(v) = 34*v**3 - 4*v**2 - 10*v + 11. Is d(6) a prime number?
True
Is (54157 + -17)*(-1)/(-4) prime?
False
Let d(f) = f**2 + f + 19. Let s be (-2)/(-9) + 8/(-36). Let n be s/(-2 + 8/2). Is d(n) composite?
False
Let t be ((-6)/12)/((-3)/(-792)). Let q = 383 + -670. Let a = t - q. Is a composite?
True
Let v = 123 - 102. Is ((-846)/(-27))/(2/v) a prime number?
False
Let g = -8245 - -16736. Is g prime?
False
Suppose -15*k + 31*k = 3060848. Is k composite?
True
Let q = -40056 - -101057. Is q composite?
False
Suppose -26784 = -2*f - 4*f. Suppose -3*s - 5853 = -3*g, f = 5*g + s - 5279. Is g prime?
True
Suppose 1 = r, -3*k + 23370 = -0*k + 3*r. Is k prime?
True
Let y(t) = -2853*t - 19. Let c be y(-8). Suppose -4*b + c = b. Is b a composite number?
False
Is ((-46723)/(-5))/((-49)/(-245)) prime?
True
Let w = -20 + 17. Is (-4)/(-2) - (-2424 - w) prime?
True
Let j(c) = 9*c**2 + 2*c + 27. Let r(w) = -8*w**2 - w - 28. Let p(y) = 3*j(y) + 2*r(y). Is p(-6) a composite number?
False
Let h(q) = -q**2 + 11*q - 8. Let i be h(10). Suppose i + 3 = -w. Is w/(-10) + (-182)/(-4) composite?
True
Suppose 30944 = 14*d + 1810. Is d a composite number?
False
Suppose -8*t = -41476 - 55300. Is t a prime number?
True
Let h = -8 + 194. Let b = h - 99. Is b a composite number?
True
Let k = -9823 - -16386. Is k a composite number?
False
Let w(t) = 476*t - 193. Is w(15) prime?
True
Let w(k) be the second derivative of -35*k**4/2 + k**3/3 + k**2/2 + 5*k. Let j be w(-1). Let z = j + 448. Is z prime?
False
Let y be (-468)/(-30)*(-1360)/3. Let f = -1661 - y. Is f composite?
True
Let g(l) = 405*l + 7. Let p be g(5). Suppose d - 2577 = 2*a - 2*d, -4*a = 5*d + 5143. Let x = a + p. Is x a prime number?
False
Is (-18)/27*(-50889)/2 prime?
True
Let n(i) = -i**3 + 3*i**2 + i - 4. Let w be n(2). Suppose -d + 2045 - 289 = w*o, 5*o = -2*d + 4389. Is o a prime number?
True
Let t be (-2608)/(-40) + (-2)/10. Suppose -3*c = -73 - t. Is c a prime number?
False
Let k(d) = -d**2 - 36*d - 30. Let t be k(-21). Suppose -j = -8 - t. Is j a prime number?
True
Suppose 4*r - 8 = -3*q, -2*r + 8 = 2*r + 2*q. Suppose -3*x - 2*c + 385 = 0, r*x - x = -4*c + 125. Is x prime?
False
Suppose 158*w = 181*w - 134481. Is w a prime number?
False
Suppose -h + 4*b + 6 = -9, 0 = h + 2*b - 3. Suppose -2935 = -h*c + 2*c. Is c a prime number?
True
Let i be 4 - (-26 + (2 - -2)). Let v = i + 55. Suppose -o + v = -620. Is o prime?
True
Suppose -7333 = 12*f + 6047. Let r = f + 1702. Is r a composite number?
False
Suppose 2*a = -17 + 47. Suppose 8*i = 3*i + a. Suppose -3*t = 2*k - 326, t - 16 = -i*t. Is k a prime number?
True
Let u = 21759 + -7652. Is u a composite number?
False
Is 2/(-5)*-7393*35/7 composite?
True
Suppose -90337 - 33989 = -6*t. Is t a composite number?
True
Let w(z) = -z**2 - 9*z - 8. Let g be w(-6). Suppose -4*h - 3*u = -2213, 4*h - g*u = -8*u + 2238. Is h a prime number?
True
Let w(z) = -z**2 + 45*z + 13. Let h be w(16). Let k(b) = 286*b**2. Let d be k(1). Let x = h - d. Is x composite?
False
Let h(b) = b**3 + b**2 - b + 253. Suppose 2*m = -4*c + 8*c + 8, -9 = -4*m + c. Let x be 0/(0 - m)*1. Is h(x) a prime number?
False
Let h be (-3 - (-3 - 0)) + 3. Suppose 6*y = y - 4*f + 12, 3*y + f = h. Suppose y = -g + 3*g - 1526. Is g a prime number?
False
Suppose -2*o - 32*z + 27*z = -1633, -4*z - 2415 = -3*o. Is o composite?
False
Suppose -34*w = -86720 + 8758. Is w prime?
True
Let u(r) = -4*r**2 + 18*r - 6. Let z(o) = 3*o**2 - 12*o + 4. Let h(j) = -5*u(j) - 7*z(j). Let q be h(6). Let v = 69 - q. Is v a composite number?
False
Let o(u) = 40*u + 8. Let k be o(-5). Let a = k + 415. Is a a prime number?
True
Suppose 4*l - l = 1206. Suppose 2*r - j = 467, 3*j - 547 = -4*r + l. Is r a prime number?
False
Let j be (2 - 3)/(-1)*(-1592)/(-4). Suppose 0 = -f - 5*h - j + 1239, -3*f + 2503 = 5*h. Is f a composite number?
True
Let z(o) = -o**3 + o**2 - 1. Let g(w) = -7*w**3 + 7*w**2 + 7*w - 20. Let d(x) = g(x) - 5*z(x). Is d(-8) prime?
False
Let n(g) = 2*g**3 - 9*g**2 - 4*g - 3. Let d(p) = p + 12. Let t be d(-7). Let b be n(t). Suppose 0 = -b*v + 328 - 6. Is v a composite number?
True
Let r be -8 + 14 - (3 + 0). Is (-1)/(r*2/(-4038)) a prime number?
True
Suppose -5*m + 4*t = 1833, -5*t = -9*m + 4*m - 1830. Let u = -32 - m. Is u a composite number?
False
Suppose -43*v + 3790 - 221 = 0. Is v composite?
False
Let p = 2 + -17. Let y be (12/p)/((-2)/10). Suppose 1178 = y*b + 334. Is b a composite number?
False
Let o(v) = -5*v + 14 - 13 + 6 + v**2. Is o(-5) a composite number?
True
Let z(b) = -8*b**2 + 18*b**2 + 18*b**2 - 7 + 6*b. Let y = -1 - -4. Is z(y) a prime number?
True
Suppose -2*h - 174286 = -16*h. Is h a prime number?
False
Su